*n - 45. Suppose -3*v + n - 70 = 4*u, -3*v + 81 = -5*u. What are the prime factors of 18/27*u/(-2)?
5
Let g = 24 + -17. Let i be 2/(0 - (-4)/(-10)). Let x = i + g. List the prime factors of x.
2
Suppose -5*s + 10*s - 20 = 0. Let z = s + -4. Suppose 2*j - t - 20 = z, -6*t + 2*t - 10 = -j. What are the prime factors of j?
2, 5
Suppose 2*c - 5 = 3. Suppose c*r - 49 = -13. Suppose -14 = -5*u + f, -6*u - 3*f = -4*u - r. What are the prime factors of u?
3
Suppose 0 = 2*z - i - 0 + 5, i = 3. Let g = 1 + z. Suppose 4*a = -3*c + 37, -5*c + 3*c - 2 = g. What are the prime factors of a?
2, 5
Suppose 11 + 73 = 4*v. Suppose 5*f - v = 2*f. What are the prime factors of f?
7
Suppose -5 = k - 1, -3*m + 4*k + 178 = 0. List the prime factors of m.
2, 3
Let n(k) = 4*k**2 + 3*k + 2. Let a = 6 - 3. Suppose -1 = -m - a. List the prime factors of n(m).
2, 3
Suppose 0 = -2*l - 3*l + 20. Let v be l/(-20) - 32/(-10). Suppose 0*h + 54 = v*h. What are the prime factors of h?
2, 3
What are the prime factors of (-4)/((40/(-36))/5)?
2, 3
Suppose 4*s + 4*x = 3*x + 12, s - x - 3 = 0. Suppose 6 = 3*v - s. Suppose v*f - 5*f + 14 = 0. What are the prime factors of f?
7
Let d = -1 + 4. List the prime factors of (-1)/3*-2*d.
2
Suppose 24 = z - 11. Let x = z - 25. List the prime factors of x.
2, 5
Let b = 32 + -8. What are the prime factors of b?
2, 3
Let m = -3 - -6. Let w(i) = -i**2 + 8*i + 34. Let j be w(11). List the prime factors of (j - m - -21) + 3.
2, 11
Suppose -h + 6*h = 125. List the prime factors of h.
5
Let s = -6 - -9. Let i(q) = 3*q + 2. What are the prime factors of i(s)?
11
Let q be (-1230)/(-54) + 4/18. List the prime factors of 4/8 - q/(-2).
2, 3
Let v be 3/6 - (-37)/2. Let l = v - 2. List the prime factors of l.
17
Suppose -c - 2*c + 21 = 0. Let g be c + -2 + 3/(-1). Suppose -30 - 35 = -5*n - 5*q, g*n - 16 = 3*q. What are the prime factors of n?
11
Let o = 115 - 47. List the prime factors of o.
2, 17
Suppose 0*x = 3*x - 390. What are the prime factors of x?
2, 5, 13
Suppose 101*n = 102*n - 114. What are the prime factors of n?
2, 3, 19
Let m(h) = h + 19. Let c be m(-8). Let s(v) = 14 + 0*v**3 + v**3 + 3*v**2 - 15*v**2 + 10*v. What are the prime factors of s(c)?
3
Suppose 7*l + 652 = 11*l. What are the prime factors of l?
163
Suppose -6 = 3*g, -2*g - 419 = -3*q - 4*g. Suppose -5*y = 31 - q. List the prime factors of y.
2, 11
Suppose -3*d + 2 = v, 4*d - 8 + 2 = -3*v. Suppose -2*l + 2*s + 96 = 4*s, d = 5*l + s - 228. List the prime factors of l.
3, 5
Let n be 57/4 - 1/4. Suppose x + 0 = n. Suppose 5*a - k - x = 31, a = k + 13. What are the prime factors of a?
2
Suppose 1 = -5*q + 51. What are the prime factors of q?
2, 5
Suppose 42 + 31 = -5*l - 4*t, -2*l + 2*t = 40. Let a = l + 26. What are the prime factors of a?
3
Let c = 6 - 1. Suppose 12 = 2*z - c*z, 0 = 4*w + z - 12. Suppose 4*x = 8, h - w*x = 4*h - 59. What are the prime factors of h?
17
Suppose 4*w = 1 - 37. Let o(u) = -u**2 - 9*u + 4. Let s be o(w). What are the prime factors of (-1)/s + 114/8?
2, 7
Let s = -43 + 79. What are the prime factors of s?
2, 3
Suppose -3*o + 74 = -o. Suppose -5*s + 3*t - o = -4, 4*t + 16 = 0. Let u = 17 + s. What are the prime factors of u?
2
Let w be 1/6 + (-560)/(-96). What are the prime factors of (-45)/w*(-10)/3?
5
Let z(o) be the second derivative of o**3/6 - 6*o**2 - 2*o. Let l be z(9). What are the prime factors of l/((-3)/7) + -1?
2, 3
Let j(x) = 5*x + 5. Let o be j(5). Let q be 5 + 0*2/6. Suppose -3*w = -a - 2*a + 36, o = 2*a - q*w. List the prime factors of a.
2, 5
Suppose 564 = 12*f - 576. List the prime factors of f.
5, 19
Let t(k) = k**2 + 4*k + 5. Let u be t(-4). Suppose -3*i + 50 = -i. Suppose -u*x + 40 + i = 0. What are the prime factors of x?
13
Let i = 15 - -4. Suppose 1 - i = -3*n. What are the prime factors of n?
2, 3
Let l = -1 - -4. Suppose l = 3*r - 9. Suppose -5*s - 2*h = -58, 7*s - 3*s - 52 = r*h. What are the prime factors of s?
2, 3
Suppose 6 = -2*q, 3*z + 3*q = 176 + 184. List the prime factors of z.
3, 41
Let w(n) = -n**3 - n**2 - 2*n. Suppose -16 = 2*a - 4. Let k be (-4)/a - 16/6. List the prime factors of w(k).
2
Let g(r) = -r**3 - 21*r**2 - 20*r + 15. List the prime factors of g(-20).
3, 5
Suppose -d = -2*d + 27. List the prime factors of d.
3
List the prime factors of ((-4 - 1) + 3)*290/(-4).
5, 29
Suppose 451 + 759 = 10*h. List the prime factors of h.
11
Suppose 4*r + 5*j = -0*r, -5*j - 10 = 2*r. Suppose -2*k + 4*g = 2*k + 84, 2*g = r*k + 99. Let v = 29 + k. What are the prime factors of v?
2, 5
Suppose -n + 0 = 18. Let x = n - -39. List the prime factors of x.
3, 7
Let k(w) = -14*w + 15. Let n(z) = 5*z - 5. Let s(x) = 3*k(x) + 8*n(x). What are the prime factors of s(-8)?
3, 7
Let l(u) = u**3 + 6*u**2 + 4*u + 3. What are the prime factors of l(-4)?
19
Suppose 0 = -3*d - 12, 2*a = 6*d - 11*d + 446. What are the prime factors of a?
233
Let v = 35 - 50. What are the prime factors of (10/v)/((-4)/78)?
13
List the prime factors of (-58 - 0 - 4)/(-2).
31
Suppose -2*z + 2*u + 242 = -2*u, 0 = -3*z + 3*u + 372. What are the prime factors of z?
127
Let h(t) = -2 + 0 - 3*t + t. Suppose -3*w + 0*w - 15 = 0. What are the prime factors of h(w)?
2
Let c be (0/2)/(1 - -1). Suppose -t - 5 = c, 0*g - 37 = -3*g + 5*t. Suppose 0 = -g*m + 27 + 29. What are the prime factors of m?
2, 7
Let i be (2 - 1 - 2)*8. Let h(c) be the first derivative of c**4/4 + 3*c**3 + 7*c**2/2 + c - 18. List the prime factors of h(i).
3
Let q(r) = 2*r**2 - 5*r + 2. Let w be q(3). Suppose y - 2*y + 5*n = 0, 5*y - w*n = 80. Let g = y + -13. What are the prime factors of g?
7
Let w(v) = 2*v**2 + v - 11. List the prime factors of w(-7).
2, 5
Suppose 0*z + z - 8 = m, -3*m = 12. Suppose z*f - 5*l - 11 = 2, -12 = -4*l. What are the prime factors of f?
7
Let f = -16 - -19. List the prime factors of f.
3
Suppose 5*a - 145 = -0*a. What are the prime factors of a?
29
What are the prime factors of 3/(-1) - (-118)/1?
5, 23
Suppose 7*g = 2*g + 5. Suppose g = 3*m - 14. List the prime factors of m.
5
Let t(w) be the third derivative of -w**5/60 + w**4/8 + w**3/3 - w**2. Let y be t(2). What are the prime factors of 1/(-4) - (-37)/y?
3
Let d = -4 + 36. Let j = -17 + d. What are the prime factors of j?
3, 5
Let q = 19 - 13. Suppose -q*m + 6 = -3*m. What are the prime factors of m?
2
Suppose -2*p + 4*p = -8, 4*k = 2*p + 16. Let w(z) = -z - 4. Let s be w(-8). Suppose -x + 23 = s*c, 0*x + 10 = 2*c + k*x. What are the prime factors of c?
2, 3
Let n be 12/(-1*6/9). List the prime factors of (n/4)/(9/(-24)).
2, 3
Suppose s = 4, -3*h - 2*h - 3*s - 228 = 0. Let c = 83 + h. List the prime factors of c.
5, 7
Suppose 0 = 5*m + 5*b + 15, 5*m + 7 - 20 = 2*b. Suppose o - 1 - m = 0. Let v = o + 0. What are the prime factors of v?
2
Let w(z) = -z - 7. Suppose -2*d - 12 = 2*p, 4*d - 6*p = -4*p - 30. Let f be w(d). Let q(a) = -a**3 + a + 6. What are the prime factors of q(f)?
2, 3
Let c(v) = v**2 - 2*v - 2. Suppose 0 = 2*w + 2*w + 8. Let h be c(w). Let b(l) = -l**2 + 9*l - 8. What are the prime factors of b(h)?
2, 5
Let b = 33 - 23. What are the prime factors of b?
2, 5
Suppose -2*r + 36 = 2*r. Suppose r + 3 = 3*f. List the prime factors of f.
2
Suppose -2*q = -28 - 4. List the prime factors of q.
2
Let j be (0 - 1)*(-2 - 2). Let s(v) = j - v + 2*v + 0*v. List the prime factors of s(5).
3
Suppose -175 = -3*g + 4*b, b = -3*g + 6*b + 170. Suppose 4*n + n - g = -5*z, 0 = 3*n - z - 59. What are the prime factors of n?
2, 3
What are the prime factors of (2 - -23) + (8 - 5)?
2, 7
List the prime factors of (30 - 1) + (1 - 4).
2, 13
Let y be (3 - 39/12)*-12. Suppose -3*s - y*t - 29 = -8*s, -2*s - 5*t - 7 = 0. What are the prime factors of s?
2
Suppose 0 = -3*g - 4*x + 40, 4*g + 4*x = 3*g + 16. Suppose 3*t + 3*s + 6 = 0, -g + 4 = -4*t + 4*s. Suppose t = -k + 9 - 0. List the prime factors of k.
3
Let g = -154 - -349. What are the prime factors of g?
3, 5, 13
Let k(l) = 5*l - 1. List the prime factors of k(4).
19
Let w be (-4)/18 - (-76)/18. Let c = 6 - w. What are the prime factors of c?
2
Let r(f) = -f**2 - 4*f + 1. Let x be r(-4). What are the prime factors of (93/3 + 0)/x?
31
Let r be (-6)/21 - 6/(-21). Suppose o - 4 = -r. What are the prime factors of o?
2
Let r = 13 - 26. Let n = 26 + r. Let a = n - 10. List the prime factors